 - g*r - 27 = -l, 0 = -4*l + 3*r + 33. Let p(q) = -q + 7. Determine p(l).
1
Let v(p) = -2*p - 45. Let r(g) = 6*g + 130. Let u(b) = -6*r(b) - 17*v(b). What is u(-6)?
-3
Let m(d) = d**3 + 7*d**2 + 1. Let c be 5*(48/(-15) + 4). Let p = c - 1. Suppose p*n + 4 = -17. Give m(n).
1
Suppose -3*b + 9*b - 120 = 0. Let i(n) = 14 - b + 11 - n. Calculate i(4).
1
Suppose 5*d - 6 - 12 = 2*h, -3*d = 2*h + 2. Let j(b) be the first derivative of 1 - 8 - 2*b**3 + 2 - b**2 + b**3. Calculate j(d).
-16
Let s(k) = -k**2 - 15*k - 29. Let q be s(-2). Let n(c) be the third derivative of -c**4/12 + c**2. What is n(q)?
6
Suppose 0*t - 18 = 3*t. Let h(o) = -13 + 2*o - 4*o - 4*o - 1178*o**2 + 1177*o**2 + 4. Determine h(t).
-9
Let f(n) = -9*n**2 - 7*n - 4. Let a(s) = 17*s**2 + 13*s + 7. Let g(y) = 6*a(y) + 11*f(y). Determine g(-4).
42
Let r(u) be the third derivative of 0 + 1/60*u**5 + 0*u**3 - 1/8*u**4 + 0*u - 18*u**2. Determine r(5).
10
Let j(q) = q + 5. Suppose -17*s = -12*s + 30. What is j(s)?
-1
Let x(m) be the third derivative of -m**6/360 + m**5/60 + m**4/3 - 14*m**2. Let i(d) be the second derivative of x(d). What is i(5)?
-8
Let n(b) = -b**2 - 4*b + 7. Let o be n(-5). Let l(s) = s - 2 - o + 3 - 3. Let h(t) = 2*t**3 - 3*t**2 + 2*t - 3. Let k be h(2). What is l(k)?
1
Suppose -179*f + 36 = -188*f. Let i(j) = j - 4. Calculate i(f).
-8
Let z(v) = v**2 - 2*v + 3. Let t = 14 - 9. Let y(g) = g. Let l(n) = t*y(n) - z(n). Calculate l(5).
7
Let p(q) = q**3 + 7*q**2 + 6*q + 5. Let f be (-1)/(0 - -1)*31. Let l = -36 - f. Give p(l).
25
Let y(l) = -l**3 - 3*l**2 - 10*l - 3. Let n(w) = 3*w**3 + 10*w**2 + 29*w + 8. Let h(b) = 4*n(b) + 11*y(b). Determine h(-6).
-1
Suppose -5*d = -10, 6*c - 2*c + 3*d = -134. Let g be 1*(32/14 + 10/c). Let m(f) = -3*f + 3. What is m(g)?
-3
Let c(l) = -l**2 + l - 1. Let f(b) = b**3 - 9*b**2 - 3*b - 21. Let q(a) = 2*c(a) - f(a). What is q(8)?
-5
Let y(s) = s**2 - s + 3. Suppose 0 = 4*n - 2*v - 120, 3*n - v = 2*n + 30. Let i = -30 + n. Give y(i).
3
Suppose 0 = -3*b + 5*o + 23, -3*b = -7*b - 3*o + 50. Let r(f) = f**3 - 12*f**2 + 11*f - 11. Give r(b).
-11
Suppose 4*m = -4*a + 2*m, 5*a - 2*m - 18 = 0. Let s(u) = 0*u - 3*u - 2*u**a + u + 3*u**2. What is s(-2)?
8
Let q(t) be the first derivative of 13*t**2 + 0*t**2 - 10*t**2 - 2*t**2 - 5*t + 30. Calculate q(4).
3
Let c(f) = 54*f - 334. Let a(j) = -14*j + 87. Let v(s) = 23*a(s) + 6*c(s). Suppose k + 0 + 6 = 3*t, 2*t - 2 = 0. Give v(k).
-9
Let m(f) = -23*f - 14 - 26*f + 69*f - 19*f. Determine m(7).
-7
Let z(o) = -o**2 + 2*o - 2. Suppose -3*m + 5 = 5*c + 3*m, 4*c + 3*m - 4 = 0. Give z(c).
-1
Suppose -128 = 17*k - 179. Let c(r) = -r**2 - 1. Give c(k).
-10
Let x(s) = 9*s**2 + 4*s + 1. Let b(o) = -o**2 - o. Suppose d - 20 = -21. Let j(i) = d*x(i) - 5*b(i). Suppose -5*r + 3*r = -4. What is j(r)?
-15
Let g(c) = c - 1. Let v(l) = l**3 + 11*l**2 - 12*l + 4. Let x be v(-12). Suppose 4*i = 3*z + 11, 8*i = x*z + 6*i + 18. Give g(z).
-6
Suppose -10*v = -2*q - 6*v + 26, 0 = 5*q + 3*v. Let d(l) = -l**3 + 4*l**2 - 2*l - 1. Determine d(q).
2
Let n(d) = 3*d**3 + d**2 + d + 1. Let i(t) = 251*t - 1 + 2*t**3 + 2 - 251*t. Let l(w) = -5*i(w) + 3*n(w). What is l(2)?
8
Let h be 4/22 + 153/187. Let r(b) = 14*b**3 + 2*b**2 - b. Determine r(h).
15
Suppose 62 = -7*g - 29. Let z(a) = 2*a + 26. Determine z(g).
0
Let d = 137 - 72. Let t be d/(-25) + (-2)/5. Let z(h) be the second derivative of h**4/12 - h**2 + h. What is z(t)?
7
Let n(l) = l**2 + l. Let i(y) = -y**3 - y**2 + y + 5. Let o(v) = -i(v) + 5*n(v). Let g(t) = -6*t**3 + 2*t**2 - 1. Let a be g(1). Determine o(a).
0
Let f be 2/(-3) - (-2)/(-6). Let h(m) = m**2 - 3*m + 2. Let d be h(0). Let u(t) = -d + 18*t + 1 - 14*t. Calculate u(f).
-5
Suppose -u + 3*z + 8 = 0, 4*z + 10 = 10*u - 8*u. Let l(n) = -42*n**3 - n**2 + 2*n + 2. Calculate l(u).
41
Let z(j) = j**3 - 14*j**2 - 12*j - 49. Let f be z(15). Let m(t) be the third derivative of -t**5/60 - 5*t**4/24 + t**3/6 + 2*t**2. What is m(f)?
5
Let w(a) = -a**2 + 10*a - 11. Let v(c) = 7*c**3 + 1. Let f = 19 - 18. Let q be v(f). What is w(q)?
5
Let b(c) be the second derivative of c**6/360 + c**5/30 + 3*c**4/2 + 6*c. Let l(k) be the third derivative of b(k). What is l(-6)?
-8
Let g(v) = -v**2 - v + 3. Let c = 6 + -13. Suppose 3*q = 4*o + 26 + 12, 4*q - 4*o - 48 = 0. Let p = c + q. Calculate g(p).
-9
Let c(y) = -6 + 5*y**2 + 3*y**2 - 7*y**2 + y - y. Give c(3).
3
Let c(x) be the second derivative of 1/2*x**2 - 1/6*x**3 - 12*x + 0. Determine c(2).
-1
Suppose 0 = -b - 3*g + 11, -19*b + 16 = -15*b + 5*g. Let r(m) = 13*m. Determine r(b).
-13
Let q(f) = -2*f - 8 + 2 + 0. Suppose 3*r + 1 = 4*d + 3, -4*r + 16 = -2*d. Give q(r).
-18
Suppose 4*b - z = 6, 3*b + 3*z - 15 = -3. Suppose 0 = f + 4*d - 0 - 5, 3*f - d = 2. Let x(i) = i**b + 3 + 9*i + 10 - 5 - f. Determine x(-6).
-11
Let d(j) = -j**2 - 4*j + 7. Let a(z) = -8*z + 0 + 11*z - 5*z**2 + 2. Let u be a(-1). Give d(u).
-5
Let s(z) be the first derivative of 33*z**4/4 - 2*z**3/3 + z + 409. Determine s(1).
32
Let y(p) be the second derivative of 1/12*p**4 + 1 - 5/6*p**3 - p - 5/2*p**2. Calculate y(7).
9
Let p(y) = -y**2 + 3*y + 4. Suppose -4*l = b - 4*b - 9, -4*l + 2*b + 10 = 0. Let v be (-3 + l)/(6/3). Suppose v*d - d = -3. Give p(d).
4
Let j be (-3 + 1)*(-5 + 1). Let d be 61/7 + j/28. Suppose 0 = 5*z + 2*i - 22, 2*z = i + d - 2. Let t(h) = h**2 - 3*h + 3. Give t(z).
7
Let j(y) = -2*y**3 + 2*y**2 + 1. Let g(z) = 15*z**3 - 23*z**2 - 8*z - 8. Let q(c) = -g(c) - 8*j(c). Suppose -2*p - 11 = 1. What is q(p)?
-12
Let v(t) = -3*t**3 + t**2 + t + 1. Suppose 0 = 10*c - 12*c - 22. Let n = 14 + c. Suppose 2*j - n = -5. Calculate v(j).
4
Let k(d) = -3*d - 2*d + 4*d + 2*d - 1. Let q(s) = 1. Let m(f) = -k(f) + 6*q(f). Determine m(9).
-2
Let h(b) = -5*b + 1. Let c(l) = -28*l + 9. Let w(f) = 2*c(f) - 11*h(f). Determine w(-11).
18
Let s(w) = -w**3 - 5*w**2 + 3*w + 8. Let x be (-27)/90*5*4. Calculate s(x).
26
Let b be -10 + 790/60 + (-1)/6. Let l(m) be the third derivative of m**5/30 - m**4/12 - 2*m**3/3 - m**2. Determine l(b).
8
Let t(i) be the first derivative of i**5/60 - i**4/12 - i**3 - 2*i**2 - 5. Let v(r) be the second derivative of t(r). Let g = 3 - -2. Determine v(g).
9
Let a = -71 - -67. Let o(u) = -3 + 2172*u + 6*u**2 - 2*u**2 - 3*u**2 - 2173*u. What is o(a)?
17
Let w(t) be the first derivative of -t**4/4 - t**3 - t**2/2 - 4*t + 48. What is w(-2)?
-6
Let y(k) = k - 2. Let h be y(2). Let l(d) = 6 + 4*d + h*d + 0*d. Give l(-4).
-10
Suppose l = 3*t - 9, -5*l - 3*t - 24 = -51. Let r(x) be the second derivative of -7*x - 1/6*x**l + 0 + 0*x**2. Give r(6).
-6
Let m(q) be the third derivative of 0 + 5/6*q**3 - 11*q**2 - 1/24*q**4 + 0*q. Calculate m(7).
-2
Let z(a) = -8*a - 4. Let b(o) = 9*o + 5. Let h(s) = -5*b(s) - 6*z(s). Let r(i) = 19*i**3 - i**2 - i + 1. Let l be r(1). Let u = l - 17. Calculate h(u).
2
Let h(o) = o**2 + 7*o - 11. Let m be -5 + (-3 + 5)*1 + -6. Determine h(m).
7
Let d(u) be the third derivative of 0*u + 5/6*u**3 + 1/24*u**4 + 0 - u**2. Let w(z) = z**3 - 12*z**2 + 27*z. Let a be w(9). Determine d(a).
5
Let l(t) = 1 + 3*t - t + 3 - 6. Let m(q) = 1. Let o(u) = -2*u. Let p(c) = -3*m(c) - o(c). Let n(s) = 5*l(s) - 4*p(s). Calculate n(-5).
-8
Let q(a) = 6 + 10*a - 14 - 10 - 4*a - 4. Calculate q(10).
38
Let s(g) = 11*g - 26. Let p(k) = -20*k + 49. Let j(r) = 6*p(r) + 11*s(r). Suppose -24 = 3*q - 3*y, -3*q - 10 - 4 = 2*y. Give j(q).
2
Let k(j) = -46*j. Let x be k(-1). Let v = -49 + x. Let p(d) = 1 - 1 + 2*d**2 + 4 + 4*d. What is p(v)?
10
Let y(p) = -5*p**3 + 2*p**2 - 1. Suppose 0 = 2*q + 3*f + 13, 0 = -3*q - 2*f - 3*f - 22. Determine y(q).
-4
Let s(g) be the first derivative of g**2 - 13*g + 31. Calculate s(9).
5
Let a = -77 + 83. Let t(q) = -150*q + a*q**2 + 297*q - 146*q. What is t(1)?
7
Suppose 8*x + 5*f = 5*x - 23, 0 = x + 3*f + 13. Let j(a) = -13*a + 1. Give j(x).
14
Let n(x) be the second derivative of x**4/6 + x**3/3 - x**2/2 - 9*x. Let y(f) = -f**2 + f + 1. Let r be y(0). Give n(r).
3
Let b(v) = v**3 + 4*v**2 + 3*v + 7. Let l(k) = k**3 - k**2 - k - 1. Let p be -12 - -15 - (0 + 0 - -1). Let u(i) = p*l(i) - b(i). Determine u(7).
5
Let m(r) be the first derivative of r**2/2 - 8*r + 4. Let s be m(9). Let l(p) = -3 + p - 3*p + s + 0*p. Calculate l(2).
-6
Suppose 4*k = -0*k. Let w(y) = -3*y**2 - 2*y - 